ors of 542960.
2, 5, 11, 617
What are the prime factors of 684679?
101, 6779
What are the prime factors of 3671460?
2, 3, 5, 13, 523
What are the prime factors of 276778?
2, 138389
What are the prime factors of 11603864?
2, 67, 21649
List the prime factors of 1051239.
3, 7, 113, 443
What are the prime factors of 10090661?
7, 1441523
List the prime factors of 5880621.
3, 809, 2423
What are the prime factors of 73562?
2, 36781
List the prime factors of 807149.
7, 67, 1721
What are the prime factors of 1114990?
2, 5, 43, 2593
What are the prime factors of 8901094?
2, 59, 241, 313
What are the prime factors of 429416?
2, 13, 4129
List the prime factors of 109280.
2, 5, 683
List the prime factors of 2532093.
3, 23, 36697
List the prime factors of 206456.
2, 131, 197
What are the prime factors of 943488?
2, 3, 7, 13
List the prime factors of 843991.
599, 1409
What are the prime factors of 356730?
2, 3, 5, 11, 23, 47
What are the prime factors of 7995177?
3, 67, 13259
List the prime factors of 94437.
3, 7, 1499
What are the prime factors of 134487?
3, 17, 293
What are the prime factors of 10296292?
2, 67, 103, 373
What are the prime factors of 28392014?
2, 7, 373, 5437
List the prime factors of 289995.
3, 5, 19333
What are the prime factors of 479323?
13, 36871
List the prime factors of 2444032.
2, 9547
What are the prime factors of 13926?
2, 3, 11, 211
List the prime factors of 575816.
2, 167, 431
What are the prime factors of 8322803?
23, 73, 4957
What are the prime factors of 20018734?
2, 71, 140977
What are the prime factors of 306989?
37, 8297
What are the prime factors of 3197098?
2, 41, 127, 307
List the prime factors of 391368.
2, 3, 23, 709
What are the prime factors of 446924?
2, 111731
List the prime factors of 3673630.
2, 5, 113, 3251
List the prime factors of 25537.
25537
What are the prime factors of 2874285?
3, 5, 47, 151
What are the prime factors of 260270?
2, 5, 17, 1531
What are the prime factors of 495331?
67, 7393
What are the prime factors of 323193?
3, 13, 8287
List the prime factors of 234420.
2, 3, 5, 3907
What are the prime factors of 113417?
113417
What are the prime factors of 3601386?
2, 3, 23, 8699
What are the prime factors of 6890?
2, 5, 13, 53
List the prime factors of 5570939.
11, 506449
List the prime factors of 425799.
3, 11, 17, 23
What are the prime factors of 10818279?
3, 133559
List the prime factors of 4088500.
2, 5, 13, 17, 37
List the prime factors of 1879982.
2, 13, 72307
List the prime factors of 11504608.
2, 233, 1543
List the prime factors of 15870296.
2, 13, 152599
List the prime factors of 1039326.
2, 3, 83, 2087
List the prime factors of 11213600.
2, 5, 107, 131
What are the prime factors of 28616124?
2, 3, 71, 33587
What are the prime factors of 145677?
3, 7, 991
What are the prime factors of 5986973?
643, 9311
What are the prime factors of 19317475?
5, 79, 9781
List the prime factors of 193456.
2, 107, 113
What are the prime factors of 641338?
2, 320669
What are the prime factors of 494784?
2, 3, 859
List the prime factors of 1233375.
3, 5, 11, 13, 23
List the prime factors of 334423.
334423
List the prime factors of 34814512.
2, 2175907
List the prime factors of 237259.
11, 21569
What are the prime factors of 18410869?
31, 593899
What are the prime factors of 173062?
2, 86531
What are the prime factors of 3211465?
5, 131, 4903
What are the prime factors of 1782169?
1782169
List the prime factors of 303542.
2, 151771
What are the prime factors of 147641?
13, 41, 277
List the prime factors of 834432.
2, 3, 41, 53
List the prime factors of 292390.
2, 5, 7, 4177
What are the prime factors of 1255925?
5, 11, 4567
List the prime factors of 20075.
5, 11, 73
List the prime factors of 32176325.
5, 17, 75709
List the prime factors of 19933123.
7, 43, 47, 1409
List the prime factors of 1959942.
2, 3, 326657
List the prime factors of 153767.
19, 8093
List the prime factors of 5950669.
5950669
List the prime factors of 795541.
241, 3301
List the prime factors of 3103858.
2, 1551929
What are the prime factors of 17821711?
23, 774857
List the prime factors of 14253429.
3, 17, 279479
What are the prime factors of 292851?
3, 13, 2503
What are the prime factors of 1544891?
1544891
What are the prime factors of 259458?
2, 3, 83, 521
What are the prime factors of 2801?
2801
List the prime factors of 650914.
2, 11, 29587
What are the prime factors of 7348734?
2, 3, 408263
List the prime factors of 1611058.
2, 23, 35023
List the prime factors of 175620.
2, 3, 5, 2927
List the prime factors of 70412.
2, 29, 607
List the prime factors of 5050643.
13, 443, 877
List the prime factors of 1403397.
3, 19, 29, 283
What are the prime factors of 4822680?
2, 3, 5, 40189
List the prime factors of 42029.
13, 53, 61
What are the prime factors of 962227?
7, 101, 1361
List the prime factors of 8245264.
2, 41, 12569
What are the prime factors of 56592?
2, 3, 131
List the prime factors of 21143817.
3, 2349313
What are the prime factors of 1284325?
5, 7, 41, 179
List the prime factors of 193148.
2, 109, 443
List the prime factors of 1228341.
3, 331, 1237
What are the prime factors of 2046688?
2, 7, 9137
List the prime factors of 1440416.
2, 45013
List the prime factors of 763553.
7, 19, 5741
What are the prime factors of 31388896?
2, 7, 11, 12739
List the prime factors of 9168602.
2, 19, 89, 2711
List the prime factors of 588741.
3, 196247
List the prime factors of 744825.
3, 5, 9931
List the prime factors of 239963.
239963
List the prime factors of 6697357.
6697357
What are the prime factors of 708557?
29, 53, 461
List the prime factors of 4520065.
5, 11, 82183
What are the prime factors of 26507595?
3, 5, 29, 60937
What are the prime factors of 113023?
113023
List the prime factors of 25607.
29, 883
List the prime factors of 306919.
306919
What are the prime factors of 248513?
181, 1373
What are the prime factors of 4977044?
2, 1244261
What are the prime factors of 12584292?
2, 3, 7, 37, 4049
List the prime factors of 288748.
2, 37, 1951
List the prime factors of 1396390.
2, 5, 311, 449
What are the prime factors of 4078862?
2, 193, 10567
What are the prime factors of 13658617?
7, 41, 47591
What are the prime factors of 7115?
5, 1423
List the prime factors of 16338753.
3, 43, 4691
List the prime factors of 4916213.
17, 289189
What are the prime factors of 3961782?
2, 3, 11, 17, 107
What are the prime factors of 109557?
3, 7, 37, 47
What are the prime factors of 1132409?
1132409
What are the prime factors of 678855?
3, 5, 167, 271
List the prime factors of 6263549.
47, 71, 1877
List the prime factors of 4535296.
2, 43, 103
List the prime factors of 3227786.
2, 337, 4789
List the prime factors of 322964.
2, 263, 307
List the prime factors of 5457267.
3, 202121
List the prime factors of 4270583.
101, 42283
List the prime factors of 320295.
3, 5, 131, 163
What are the prime factors of 4584920?
2, 5, 83, 1381
List the prime factors of 457103.
199, 2297
What are the prime factors of 6939998?
2, 13, 293, 911
List the prime factors of 112047.
3, 13, 17
What are the prime factors of 1579272?
2, 3, 23, 2861
What are the prime factors of 7519139?
7519139
What are the prime factors of 492265?
5, 98453
List the prime factors of 1147935.
3, 5, 103, 743
What are the prime factors of 37634?
2, 31, 607
List the prime factors of 655832.
2, 73, 1123
What are the prime factors of 15515147?
15515147
What are the prime factors of 1722354?
2, 3, 287059
What are the prime factors of 1362037?
23, 59219
What are the prime factors of 2005872?
2, 3, 11, 29, 131
List the prime factors of 1714863.
3, 71, 83, 97
List the prime factors of 69956.
2, 17489
List the prime factors of 506923.
17, 29819
What are the prime factors of 488337?
3, 162779
What are the prime factors of 3466?
2, 1733
What are the prime factors of 373954?
2, 7, 26711
What are the prime factors of 227259?
3, 19, 443
What are the prime factors of 830077?
103, 8059
What are the prime factors of 2211041?
7, 263, 1201
What are the prime factors of 7503411?
3, 2501137
What are the prime factors of 7728?
2, 3, 7, 23
List the prime factors of 448997.
448997
List the prime factors of 565490.
2, 5, 193, 293
List the prime factors of 963919.
11, 87629
List the prime factors of 23857050.
2, 3, 5, 7, 22721